 j - -3. What is the remainder when k is divided by 10?
9
Suppose 0*p + p + 2 = 4*n, 4*p + 2*n = 10. Let d be 2 + -5 + 5 + p. What is the remainder when d/26 + (-544)/(-13) is divided by 22?
20
Suppose 5*m = 259 + 186. Suppose -m = -5*q - u, -2*q + 0*q = -u - 37. Calculate the remainder when 71 is divided by q.
17
Suppose -4 = -28*p + 26*p. Let v be 1 + -1 + (-1 - 0). Let r = v + 2. What is the remainder when p is divided by r?
0
Let p(c) = -15*c - 93. What is the remainder when p(-9) is divided by 5?
2
Suppose -10*u - 84 = -5*a - 12*u, -a = -2*u - 24. What is the remainder when 247 is divided by a?
13
Let s(p) = 3 + 5 + 2*p + 3*p**2 + 4 - 8. Calculate the remainder when s(3) is divided by 10.
7
Let k(c) = -c**3 - 7*c**2 + c + 10. Let d be k(-7). Suppose 4*b + 0 = d*s + 22, -6 = -2*b + 4*s. What is the remainder when b is divided by 6 + 2/(2/(-2))?
3
Suppose -q + 32 = -14. Let o(g) = -4*g - 32. Calculate the remainder when q is divided by o(-11).
10
Let z(t) = t**2 + 1. Let k be z(-2). Suppose 3*i + 11 = j - 1, -15 = k*i. Let h(a) = a**3 - 3*a**2 - a + 1. What is the remainder when h(4) is divided by j?
1
Let b(s) = s**2 + 10*s + 1. Let j(d) = -d + 3. Let u be j(2). Let c = u + -12. What is the remainder when 22 is divided by b(c)?
10
Let u = 6 + -1. Suppose -5*v + u = -5. Suppose 21 = 3*a - v*a. What is the remainder when 40 is divided by a?
19
Let l(o) = -o**2 - 16*o - 13. What is the remainder when 697 is divided by l(-4)?
32
Suppose -35 = 16*o - 9*o. Let p(f) = 2*f**2 + 2*f - 3. What is the remainder when p(o) is divided by 13?
11
Let g(x) = -8*x + 17. Let p be g(-19). Suppose -2*c + 105 = -p. What is the remainder when c is divided by 35?
32
Let y = 88 + -41. Suppose 52*o - y*o = 60. Let i = 15 + 54. What is the remainder when i is divided by o?
9
Suppose p + 37*u - 38*u = 74, -u + 84 = p. Calculate the remainder when p is divided by 21.
16
Let q be 0/((-6)/(-9)*-3). Suppose 6*c + 246 - 666 = q. Calculate the remainder when c is divided by 18.
16
Let b(j) = -2*j + 2. Let v be b(5). Let u be ((-4)/v)/(1/12). What is the remainder when (0 - 2)*u/(-4) is divided by 3?
0
Suppose z - 5*f = -71, -3 = -3*z + f - 202. Suppose 5*u - 69 - 86 = -3*x, 5*x = -2*u + 62. What is the remainder when z/9*66/(-4) is divided by u?
28
Suppose -2*p + 45 = 3*p. What is the remainder when 129 is divided by 9*3 - (p + -8)?
25
Suppose 3*j - 45 = -3*y + 6*y, -4*y + 24 = 2*j. Calculate the remainder when 1662 is divided by j.
10
Suppose 2*q = -2*q + 72. Suppose -v + 5*v = 284. Suppose -v + 203 = 11*g. Calculate the remainder when q is divided by g.
6
Let o = -11 - -26. Suppose 0 = o*u - 18*u + 9. Calculate the remainder when u is divided by 1.
0
Let b(k) = -5*k + 17. What is the remainder when b(-7) is divided by 29?
23
Let y = 805 - 617. Calculate the remainder when y is divided by 22.
12
Suppose 6*y - 13 = 11. Suppose j = -y*j + 105. What is the remainder when 39 is divided by j?
18
Let p = 40 - 39. What is the remainder when 112 + (p + -3)/(-1) is divided by 39?
36
Let b = 11 + -18. Let v(r) = -r**3 - 6*r**2 - 6*r - 14. Let u = -46 + 66. Calculate the remainder when v(b) is divided by u.
17
Suppose 0 = t + 3*h + 10, 4*t + 5*h = 9 - 14. Calculate the remainder when 23 is divided by t.
3
Let h(d) be the first derivative of d**3/3 + d**2/2 - 12*d + 35. What is the remainder when 69 is divided by h(5)?
15
Let q(b) = 8*b**2 - 433*b + 167. Suppose 0 = 2*w - 0*w - 78. What is the remainder when q(54) is divided by w?
35
Let f(c) = -52*c - 203. What is the remainder when f(-7) is divided by 51?
8
Calculate the remainder when 102 is divided by 51/(-136) + (-294)/(-16).
12
Let a = 44 - 14. What is the remainder when 34 is divided by a*(-4)/60*-6?
10
Let l = 25 - 22. Suppose -l*q + 121 = -80. What is the remainder when q is divided by 14?
11
Let z = -83 - -85. Suppose -d = -z*m + 17, -m + 4*d = 12 - 3. What is the remainder when 63 is divided by m?
8
Suppose 20 = 4*v - 4*f, 0*v - 2*f - 19 = -5*v. What is the remainder when 50 is divided by v?
2
Let k(d) = -d**3 + 7*d**2 - 8*d + 6. Let z be k(5). Suppose z - 100 = 2*b. Calculate the remainder when 24/b + (-277)/(-7) is divided by 10.
9
Suppose -53*d + 43*d + 24490 = 0. What is the remainder when d is divided by 14?
13
Suppose 3*n + 2*y - 7*y = -117, 3*n + 105 = y. Let m = 38 + n. What is the remainder when 19 is divided by m?
3
Let v(c) = -c**3 + 8*c**2 - 2*c - 8. Let f be v(7). Let t = f + 19. Calculate the remainder when t is divided by 16.
14
Let w(b) = b**2 + 3*b - 1. Let z(r) = 2*r**2 + 6*r - 3. Let o(q) = 7*w(q) - 3*z(q). Let y = 1194 + -1189. Calculate the remainder when o(-5) is divided by y.
2
Let a(m) = -m**3 - 21*m**2 + 45*m - 9. What is the remainder when 20 is divided by a(-23)?
6
Suppose -w - 2*g + 150 + 9 = 0, -w + 2*g = -139. What is the remainder when w is divided by 38?
35
Let o = 4604 - 4587. Suppose 21 = 3*b - 0*b. What is the remainder when o is divided by b?
3
Let n = -267 - -290. What is the remainder when 158 is divided by n?
20
Let f(i) = -i**2 - 5*i + 27. Let d be f(-8). Suppose 4*b + d*o - 75 = -0*o, -3*b = o - 50. What is the remainder when 28 is divided by b?
13
Suppose 6 = g + 5*d - 7, 0 = -5*g - 5*d + 45. What is the remainder when 90 is divided by g?
2
Let i = -8 + 3. Let v = 5 - i. Calculate the remainder when -8 + v - (-12)/1 is divided by 9.
5
Let o(t) = 17 + t**3 + 10 - 332*t**2 + 319*t**2 + 4*t. What is the remainder when o(13) is divided by 41?
38
Let r = 421 + -286. Let s = 87 + -53. What is the remainder when r is divided by s?
33
Let w = 1626 + -1618. Let g(f) = 3*f**2 - 5*f + 3. Calculate the remainder when g(4) is divided by w.
7
Let q = 1574 - 1097. Suppose 4*s - l = q, 3 = l + 4. Let c(p) = -p**3 + 13*p**2 - 10*p + 6. What is the remainder when s is divided by c(12)?
29
What is the remainder when -1 + 5/(-20) - 241/(-4) is divided by 31?
28
Suppose 32 = 2*l - 44. Let q be (12/9)/(5/((-45)/(-6))). What is the remainder when l is divided by (q/3)/(1 - (-70)/(-75))?
8
Suppose -2*r + 5*j + 19 = 0, 44*j = 5*r + 47*j - 32. What is the remainder when 67 is divided by r?
4
Let y(a) = a**2 + 23*a + 23. What is the remainder when y(-28) is divided by 56?
51
Calculate the remainder when 112 is divided by 44/(-16)*5*-4.
2
Let a(v) be the first derivative of -v**4/2 - 4*v**3/3 - v**2/2 + 3*v - 6. Let x be a(-3). Suppose -h - x = -4*h. What is the remainder when 37 is divided by h?
5
What is the remainder when 117 is divided by (-940)/(-60) + 6/(-9)?
12
Let d(b) = -4*b - 6. What is the remainder when (0 - (-1)/(-2))*-106 is divided by d(-6)?
17
Let p = -131 - -226. Suppose 135 = 3*v + 2*a - 80, -4*a = -4*v + 260. Suppose -91 = -5*j + v. What is the remainder when p is divided by j?
31
Let g be ((-14)/(-28))/(2/(-20)). Let b = 62 + g. Let k(h) = 3*h - 6. Calculate the remainder when b is divided by k(6).
9
Suppose -16 + 8 = -2*i. Let t(z) = 2*z - 2 + 6*z**2 + i*z**3 - 3*z**3 + 0*z. Calculate the remainder when 37 is divided by t(-5).
11
Let u be 1*((-604)/(-16) + 1/4). Suppose -4*l + 2*y = -3*l - u, 2*l + 3*y = 55. Calculate the remainder when 92 is divided by l.
28
Let z = -20 + 62. Suppose 2*n - 70 = z. What is the remainder when n is divided by 15?
11
Suppose -18 = -12*z + 438. Calculate the remainder when z is divided by 6.
2
Suppose -3*i + 40 = -2. Suppose -k - 10 = -x - 2*k, -2*x + 2*k + 8 = 0. Let c = x - -18. Calculate the remainder when c is divided by i.
11
Suppose 5*s - 13 = 7. Let t = -137 - -152. Suppose o - t = -13. Calculate the remainder when s is divided by o.
0
Suppose 7*r - 100 = -23. Suppose 0*y - y + r = 4*d, 0 = -3*y - 3*d + 69. What is the remainder when y is divided by 14?
13
Let g(h) = 52*h**2 + 9*h - 14. Let w be g(3). Let j = w - 273. Calculate the remainder when j is divided by 15.
13
Suppose -5*o - 4*z + 562 = 0, -4*z = -8 - 4. Suppose 4*h = 4*n - 196, 4*h = n - 3*n + o. What is the remainder when n is divided by 5?
1
Let i = -33 + 27. Let q(s) = 2*s**3 - 3*s**2 - 2*s + 1. Let l be q(3). Let h = l - i. What is the remainder when h is divided by 15?
13
Let b(p) = p**2 + 2*p + 4. Suppose 13*i = 11*i + 6. Suppose 0 = -10*u + i*u + 770. Calculate the remainder when u is divided by b(-6).
26
Suppose -4*a - 4*l + 24 = 4, 0 = 4*a + 5*l - 20. What is the remainder when 